site?
False
Is 110415475759 a composite number?
True
Is 26263613197 a composite number?
False
Is 1694687251 composite?
False
Is 3356292061 composite?
True
Is 4940633591 a composite number?
False
Is 4194012737 composite?
False
Is 110713289 composite?
False
Is 7731371 a prime number?
False
Is 178350691 composite?
False
Is 37682831 prime?
True
Is 1278463939 prime?
True
Is 170765120113 prime?
False
Is 330540031 composite?
False
Is 23036613881 prime?
True
Is 18066734821 composite?
False
Is 157465571603 a composite number?
False
Is 530096173 prime?
False
Is 92386239581 a prime number?
True
Is 64054661101 prime?
True
Is 5167649863 a prime number?
True
Is 103605929423 composite?
False
Is 2810389 a composite number?
True
Is 18476122081 composite?
True
Is 1422987557 composite?
True
Is 2591711123 composite?
False
Is 47236794679 a composite number?
False
Is 551718757 prime?
True
Is 440989649 a composite number?
True
Is 5687578139 composite?
False
Is 682560283 composite?
False
Is 684130871 prime?
False
Is 2846569529 a composite number?
False
Is 635350141 a prime number?
True
Is 7749451189 prime?
True
Is 784418977 composite?
False
Is 808390519 a composite number?
False
Is 406556635 a composite number?
True
Is 17022305138 prime?
False
Is 3653287213 a prime number?
True
Is 164736793 composite?
True
Is 8737507487 a composite number?
True
Is 28787986811 prime?
False
Is 64775041 a composite number?
False
Is 54317729041 prime?
True
Is 3642581413 prime?
True
Is 17701553 a prime number?
True
Is 4023148289 prime?
True
Is 8611430497 prime?
True
Is 504980813 prime?
False
Is 96653926277 a prime number?
False
Is 3233939237 a composite number?
False
Is 2595581971 composite?
True
Is 2711763949 prime?
False
Is 1012198519 a composite number?
False
Is 10598542771 composite?
True
Is 1169180303 a composite number?
True
Is 2766322087 prime?
True
Is 716631533 prime?
False
Is 2187571 a composite number?
False
Is 338433553 a composite number?
False
Is 17590823 a composite number?
True
Is 6895147537 a prime number?
True
Is 942741809 a prime number?
True
Is 717749017 a composite number?
True
Is 4511478485 composite?
True
Is 54463076323 composite?
False
Is 1758459211 prime?
True
Is 134891668421 a composite number?
False
Is 20876974537 a composite number?
False
Is 42249835057 a prime number?
True
Is 1779424471 a composite number?
True
Is 5175486447 a composite number?
True
Is 20994190879 a composite number?
True
Is 87085504999 a prime number?
False
Is 8749626631 prime?
False
Is 7516917791 a composite number?
True
Is 130892765603 prime?
False
Is 190794601 a prime number?
True
Is 306750009 a composite number?
True
Is 1980300169 composite?
False
Is 115554823 composite?
False
Is 37226164211 composite?
False
Is 25015149377 composite?
False
Is 4562473043 a composite number?
False
Is 19901710949 a prime number?
False
Is 9498513217 composite?
False
Is 7436240347 a prime number?
True
Is 288305749 a prime number?
True
Is 7565029651 composite?
True
Is 569934781 composite?
True
Is 1134755683 prime?
True
Is 9389268701 a prime number?
True
Is 19020907478 composite?
True
Is 3755746213 composite?
False
Is 2528751287 a composite number?
True
Is 72790994173 a prime number?
True
Is 2014137431 composite?
False
Is 423496481 prime?
False
Is 116630491181 prime?
False
Is 28665087209 a prime number?
False
Is 113705625973 composite?
False
Is 22265809697 composite?
False
Is 5139303577 a prime number?
False
Is 2389220497 a prime number?
True
Is 1027440047 composite?
False
Is 419523187 composite?
True
Is 5385950551 prime?
True
Is 397956389 composite?
False
Is 47917776719 prime?
True
Is 119090548145 a composite number?
True
Is 1649167753 a prime number?
False
Is 247688867 composite?
False
Is 287332943 a prime number?
True
Is 17892753145 a composite number?
True
Is 2446349197 composite?
False
Is 1958878829 a prime number?
True
Is 3883031794 a prime number?
False
Is 29532710486 a composite number?
True
Is 4214971417 a prime number?
True
Is 38478737779 a composite number?
False
Is 17688866407 a composite number?
False
Is 1173861607 composite?
True
Is 466446817 a prime number?
False
Is 36705415817 a prime number?
False
Is 3057881419 composite?
True
Is 3320311331 a prime number?
True
Is 80532899 composite?
True
Is 283766251 a prime number?
True
Is 1156047883 composite?
True
Is 94064917 prime?
False
Is 24285021169 a prime number?
False
Is 7940853581 a prime number?
True
Is 8657849951 a composite number?
False
Is 470684159 a composite number?
True
Is 738352001 prime?
True
Is 646644829 a composite number?
False
Is 16344901 composite?
False
Is 146572208009 prime?
True
Is 141590997791 composite?
True
Is 1097131163 a composite number?
False
Is 412140021 a prime number?
False
Is 18470838779 prime?
False
Is 853936241 a composite number?
True
Is 2911775089 composite?
False
Is 39281963 composite?
True
Is 564719997 composite?
True
Is 692557241 prime?
False
Is 714201601 prime?
True
Is 55546112581 composite?
True
Is 26510745337 a prime number?
True
Is 138030257735 prime?
False
Is 8294174311 a composite number?
False
Is 282941201 prime?
False
Is 1056873959 a composite number?
False
Is 1260340771 a prime number?
True
Is 256499389 composite?
False
Is 592307119 prime?
False
Is 23099310253 prime?
True
Is 383398673 composite?
True
Is 29248724737 prime?
True
Is 6799270741 a composite number?
True
Is 13710526043 composite?
False
Is 60712243 a prime number?
True
Is 23091923929 a prime number?
False
Is 1603676941 composite?
True
Is 106140271 a composite number?
True
Is 14092970623 composite?
False
Is 5100721357 composite?
True
Is 6290246843 a composite number?
True
Is 1027730933 composite?
False
Is 1563665611 a prime number?
True
Is 12047600039 a prime number?
True
Is 781115717 a composite number?
False
Is 134656531 a composite number?
False
Is 3233518277 a composite number?
True
Is 53563943 a composite number?
False
Is 760168693 a composite number?
False
Is 354818377 composite?
True
Is 188687753 prime?
False
Is 3952412867 composite?
True
Is 977750489 prime?
False
Is 83654871263 composite?
False
Is 429769787 a composite number?
False
Is 23154635717 a composite number?
False
Is 372280787 prime?
False
Is 177104130781 prime?
True
Is 3737030131 composite?
True
Is 14856566853 a prime number?
False
Is 29203679 a composite number?
False
Is 11292131 prime?
False
Is 1021533817 composite?
True
Is 12359580071 a prime number?
True
Is 1079808319 prime?
False
Is 765797933 composite?
False
Is 175894127 prime?
False
Is 3593505413 composite?
False
Is 1018383563 a composite number?
False
Is 56513535009 composite?
True
Is 25039319 a composite number?
False
Is 3791198263 a composite number?
False
Is 1381572223 composite?
True
Is 9952352159 prime?
False
Is 717990863 prime?
True
Is 2889461191 composite?
True
Is 11553079961 a prime number?
True
Is 290799689 prime?
False
Is 3992916953 prime?
False
Is 3586060117 prime?
False
Is 77756729 prime?
True
Is 1913937199 prime?
True
Is 18483885449 composite?
True
Is 4482330297 prime?
False
Is 1169136503 composite?
True
Is 172727311 composite?
True
Is 3431023003 prime?
True
Is 7886179643 a prime number?
True
Is 94765973 a composite number?
True
Is 12739875329 a composite number?
True
Is 6759533791 a prime number?
False
Is 332867519 a prime number?
True
Is 28542254437 a prime number?
False
Is 2290694173 a composite number?
True
Is 763965343 a prime number?
False
Is 861832219 a prime number?
True
Is 16500968489 composite?
True
Is 2218906483 a composite number?
False
Is 1751437327 prime?
False
Is 32136470957 a composite number?
False
Is 232313729 a composite number?
False
Is 219161893 prime?
False
Is 23547937289 prime?
True
Is 1822480771 a prime number?
True
Is 4405018477 composite?
False
Is 1018951247 composite?
True
Is 104268648683 prime?
False
Is 1330023831 composite?
True
Is 210185183657 composite?
False
Is 30174494759 a prime number?
True
Is 3371182097 a composite number?
False
Is 5819929 composite?
False
Is 2568790111 composite?
False
Is 55922051 a prime number?
True
Is 17176345391 a prime number?
True
Is 4058119983 a prime number?
False
Is 31673501 prime?
False
Is 92626191803 a prime number?
True
Is 2203426514 a composite number?
True
Is 38571770233 a composite number?
True
Is 594689713 prime?
True
Is 3457735469 prim